, 4549
What are the prime factors of 42753872?
2, 7, 23, 2371
What are the prime factors of 167296483?
79, 2117677
List the prime factors of 109137679.
7, 37, 421381
List the prime factors of 650347920.
2, 3, 5, 17, 89, 199
List the prime factors of 1752801072.
2, 3, 11, 19, 174721
List the prime factors of 2883837032.
2, 360479629
What are the prime factors of 458082830?
2, 5, 45808283
What are the prime factors of 1013152636?
2, 253288159
List the prime factors of 2025842781.
3, 675280927
What are the prime factors of 67259682?
2, 3, 7, 23, 23209
What are the prime factors of 242830347?
3, 31, 199, 13121
List the prime factors of 1551961919.
107, 14504317
What are the prime factors of 80164682?
2, 13, 149, 20693
What are the prime factors of 98297128?
2, 17, 73, 9901
What are the prime factors of 498113979?
3, 11, 67, 225289
What are the prime factors of 2723053656?
2, 3, 229, 495461
List the prime factors of 1809378508.
2, 7, 1318789
List the prime factors of 3989784574.
2, 457, 4365191
What are the prime factors of 276371343?
3, 433, 70919
What are the prime factors of 814315311?
3, 90479479
What are the prime factors of 4782209?
227, 21067
What are the prime factors of 72894483?
3, 8099387
What are the prime factors of 1284487870?
2, 5, 17, 751, 10061
What are the prime factors of 2173543505?
5, 7, 97, 640219
What are the prime factors of 532998708?
2, 3, 11, 331, 1109
What are the prime factors of 522656366?
2, 197, 709, 1871
What are the prime factors of 486436508?
2, 191, 636697
List the prime factors of 374443024.
2, 23402689
List the prime factors of 60067488.
2, 3, 13, 48131
List the prime factors of 107610408.
2, 3, 17, 87917
What are the prime factors of 1939838310?
2, 3, 5, 107, 201437
What are the prime factors of 1018200288?
2, 3, 7, 59, 61, 421
What are the prime factors of 40700096?
2, 635939
List the prime factors of 983526454.
2, 5113, 96179
What are the prime factors of 175421041?
175421041
List the prime factors of 3029520534.
2, 3, 504920089
What are the prime factors of 2634980875?
5, 17, 43, 28837
What are the prime factors of 212925985?
5, 59, 721783
List the prime factors of 53645220.
2, 3, 5, 41, 2423
List the prime factors of 3437320597.
421, 8164657
List the prime factors of 2793774078.
2, 3, 1709, 10091
What are the prime factors of 458468384?
2, 11, 23, 56629
List the prime factors of 32724241.
11, 2974931
What are the prime factors of 150049554?
2, 3, 71, 352229
List the prime factors of 91799600.
2, 5, 229499
List the prime factors of 72276126.
2, 3, 13, 926617
What are the prime factors of 21588438?
2, 3, 1607, 2239
What are the prime factors of 116979771?
3, 17, 23, 31, 3217
List the prime factors of 562467614.
2, 1747, 160981
What are the prime factors of 3354960?
2, 3, 5, 7, 1997
What are the prime factors of 14746674?
2, 3, 29, 84751
What are the prime factors of 49668408?
2, 3, 23, 89, 337
List the prime factors of 43572158.
2, 7, 43, 72379
What are the prime factors of 453262200?
2, 3, 5, 755437
List the prime factors of 171784286.
2, 17, 23, 9551
What are the prime factors of 325403134?
2, 7, 569, 40849
List the prime factors of 18500701.
18500701
List the prime factors of 525955113.
3, 6493273
What are the prime factors of 2337035316?
2, 3, 7, 11, 31, 83, 983
What are the prime factors of 360813282?
2, 3, 23, 1607, 1627
List the prime factors of 444547628.
2, 7, 15876701
List the prime factors of 1798054189.
19, 127, 683, 1091
List the prime factors of 11249748.
2, 3, 19, 16447
List the prime factors of 1467611016.
2, 3, 61150459
What are the prime factors of 62584339?
163, 197, 1949
List the prime factors of 796493044.
2, 17, 31, 377843
List the prime factors of 79488035.
5, 11, 1445237
What are the prime factors of 900287409?
3, 7, 42870829
What are the prime factors of 444335060?
2, 5, 13, 1708981
List the prime factors of 32401476.
2, 3, 479, 1879
List the prime factors of 109517521.
37, 409, 7237
List the prime factors of 54535048.
2, 17, 233, 1721
What are the prime factors of 145082822?
2, 19, 3817969
List the prime factors of 244620805.
5, 11, 13, 359, 953
What are the prime factors of 358662064?
2, 31, 723109
What are the prime factors of 342816430?
2, 5, 11, 19, 89, 97
What are the prime factors of 548727616?
2, 8573869
List the prime factors of 1261178765.
5, 7, 11, 193, 1543
List the prime factors of 1029501499.
13, 79192423
List the prime factors of 137934551.
4583, 30097
What are the prime factors of 39929489?
59, 676771
What are the prime factors of 230216317?
230216317
List the prime factors of 4308569953.
4308569953
What are the prime factors of 7420635902?
2, 227, 3767, 4339
What are the prime factors of 8674261?
43, 61, 3307
What are the prime factors of 124630243?
59, 35803
What are the prime factors of 150660883?
1097, 137339
What are the prime factors of 2092608081?
3, 17, 1607, 2837
List the prime factors of 2111071752.
2, 3, 1871, 15671
What are the prime factors of 155024798?
2, 77512399
List the prime factors of 27965157.
3, 11, 41, 1879
List the prime factors of 78961393.
7, 811, 1987
What are the prime factors of 5910439353?
3, 7, 13, 21649961
What are the prime factors of 977899739?
571, 647, 2647
List the prime factors of 378711400.
2, 5, 613, 3089
List the prime factors of 47850837.
3, 15950279
What are the prime factors of 81900674?
2, 61, 601, 1117
What are the prime factors of 75507087?
3, 1747, 14407
List the prime factors of 713973806.
2, 7, 13, 43, 13033
List the prime factors of 190924373.
509, 375097
What are the prime factors of 4063676194?
2, 8779, 231443
What are the prime factors of 1912252861?
1912252861
List the prime factors of 54982037.
11, 37, 12281
What are the prime factors of 1378385891?
17, 31, 2615533
List the prime factors of 56924153.
11, 13, 31, 12841
What are the prime factors of 64517357?
1069, 60353
List the prime factors of 70910758.
2, 661, 53639
What are the prime factors of 31568663?
7, 227, 19867
What are the prime factors of 2654849481?
3, 884949827
List the prime factors of 514313949.
3, 37, 173, 26783
What are the prime factors of 1583454189?
3, 527818063
What are the prime factors of 970962468?
2, 3, 7, 2531, 4567
What are the prime factors of 291643903?
59, 541, 9137
What are the prime factors of 89386877?
89386877
What are the prime factors of 4131829041?
3, 26891, 51217
List the prime factors of 311656394.
2, 7, 23, 967877
List the prime factors of 100239965.
5, 7, 311, 9209
What are the prime factors of 987838005?
3, 5, 7, 11, 855271
What are the prime factors of 404829968?
2, 73, 346601
List the prime factors of 1735795907.
1735795907
What are the prime factors of 45910844?
2, 7, 234239
List the prime factors of 1249695823.
17, 23, 229, 821
What are the prime factors of 69684810?
2, 3, 5, 13, 197, 907
List the prime factors of 753178418.
2, 31, 1543, 7873
What are the prime factors of 632879693?
11117, 56929
List the prime factors of 929293209.
3, 13, 2647559
List the prime factors of 8243572.
2, 17, 121229
What are the prime factors of 12913335?
3, 5, 73, 3931
What are the prime factors of 222118228?
2, 199, 263, 1061
What are the prime factors of 321012201?
3, 19, 5631793
List the prime factors of 32452232.
2, 4056529
What are the prime factors of 41100276?
2, 3, 7, 379, 1291
List the prime factors of 1756619677.
127, 293, 47207
What are the prime factors of 39718702?
2, 19, 1045229
List the prime factors of 892869056.
2, 13951079
List the prime factors of 19806329.
643, 30803
What are the prime factors of 5916798766?
2, 101, 863, 33941
What are the prime factors of 728378658?
2, 3, 7, 5780783
What are the prime factors of 3792055753?
3792055753
List the prime factors of 50710211.
127, 227, 1759
What are the prime factors of 7413881433?
3, 7, 23, 15349651
List the prime factors of 8027286372.
2, 3, 7, 17, 1873783
What are the prime factors of 710783267?
710783267
List the prime factors of 22623158.
2, 17, 665387
List the prime factors of 2752295832.
2, 3, 11, 13, 267317
What are the prime factors of 99479757?
3, 13, 2550763
List the prime factors of 81782123.
31, 211, 12503
What are the prime factors of 1211902730?
2, 5, 821, 147613
List the prime factors of 45598530.
2, 3, 5, 1519951
List the prime factors of 369248058.
2